 1. Let i be q(-3). Suppose 0 = -4*n + 10 - i. Let p(w) = 0 + w**n - 4 + 3*w - 8*w. Give p(5).
-4
Suppose -3*y - 6 = -0*y. Let t(j) = -6*j - 2. Give t(y).
10
Suppose 0 = -4*i + 3 + 5. Let r(u) = -i - 2 + 13 - 3*u - 7. Suppose -4*o - 2 = t, -10 = 5*t + 3*o - 0*o. Calculate r(t).
8
Let f(q) = q - 1. Let i be f(-2). Let v(h) = -2*h**3 - 1 + h**3 - 4*h**2 + h + 3 + 0*h**2. Determine v(i).
-10
Let a = -6 + 9. Let y(z) = 2*z + 6. Let q(g) = 2*g + 5. Let r(w) = a*y(w) - 4*q(w). What is r(-3)?
4
Let a(d) = -3*d**2 + d + 1. Let o(t) = -20*t + 3. Let l(b) = -7*b + 1. Let h(j) = -17*l(j) + 6*o(j). Let s be h(2). Calculate a(s).
-3
Let k(u) = -u**3 + 10*u**2 - 7*u - 13. Let c = 20 - 11. Let o be k(c). Let p(h) = 0*h + 3*h - o*h. What is p(3)?
-6
Let q(c) be the third derivative of c**4/8 - c**3/3 - 22*c**2. Calculate q(-3).
-11
Suppose -50 = -w - 4*w. Let r = w + -7. Let z(j) be the second derivative of j**4/12 - j**3/2 + j**2 - j. Determine z(r).
2
Suppose 3*u = 8*u - 15. Let h(v) = 0*v**3 - 4*v**2 + u*v**3 - 4*v**3 + 4*v + 7 + 2*v. Give h(-5).
2
Let s(n) be the second derivative of n**3/6 + 5*n**2/2 - 9*n. Calculate s(0).
5
Let f(p) = p**2 - 3*p - 4. Let q be f(4). Let g = q - -3. Let l(c) = 2 - 3 - 2 - c. Calculate l(g).
-6
Suppose c - 14 = 4*h + 4, 4*c + h = 4. Let o(x) = -5*x - x**2 - c*x**2 + 2*x. Let t be -5*1 - (-2 + -1). Calculate o(t).
-6
Let y(w) = -4 - 1 - 2 + 2*w. Suppose 0 = -3*k - 2*h + h + 41, -3*k + 2*h = -35. Let z = -7 + k. Determine y(z).
5
Let h(w) be the first derivative of 1/3*w**3 - 3*w + 7/2*w**2 + 1. Calculate h(-7).
-3
Let t(m) be the first derivative of -m**3/3 + 5*m**2/2 + 2*m - 30. Let p be (6/(-5))/((-3)/15). Give t(p).
-4
Let p(b) = -5*b**2 + 7*b - 8. Let j(l) = l**2 + 1. Let w be (-3*2/(-6))/1. Let a(s) = w*p(s) + 3*j(s). What is a(4)?
-9
Let r be 1/(-3) - (-52)/12. Suppose 0 = -2*f - 4*s - 4, -r*s = 4*f - 0*s. Let i be (3/f)/((-6)/8). Let x(p) = 3*p + 1. Give x(i).
-5
Let i(u) = -u - 18253*u**3 + u + 18252*u**3 + 2. Determine i(0).
2
Suppose -5*l + 9 = -6, -2*l = -q - 4. Let w(p) = 12 - p**3 - p**2 - 19 + q*p + 6*p**2. Calculate w(5).
3
Let n(t) be the second derivative of t**5/20 + 5*t**4/12 + 5*t**3/6 + 4*t. Suppose -4*f = f + 25. Let v = 1 + f. Determine n(v).
-4
Suppose 0 = v - 2 - 0. Let y = -1 - v. Let h(w) = -3*w**3 + 4*w**2 - 6*w - 1. Let o(z) = z**3 - 2*z**2 + 3*z. Let p(i) = -2*h(i) - 5*o(i). Calculate p(y).
2
Let o(a) = a**3 - 2*a + 2. Suppose 3 - 1 = -4*z + 3*j, 6 = 3*j. Suppose u = -8*w + 3*w + 23, -w - 5*u + 19 = 0. Suppose 0 = -w*d + z + 7. What is o(d)?
6
Let q(p) be the third derivative of -p**5/60 + 5*p**4/24 + p**3/6 - 6*p**2. Determine q(3).
7
Let j(w) = w + 2. Let k(t) = t + 2. Let a(n) = 5*j(n) - 6*k(n). Let f(d) = -d**3 - 8*d**2 - 7*d - 4. Let c be f(-7). What is a(c)?
2
Let j(g) = 19*g**3 + g**2 - 14*g**3 + 1 + 3*g**3 + g. What is j(-1)?
-7
Let h be (-2)/(-3) + (-56)/(-24). Let k(t) = -11*t - 19. Let c(r) = -5*r - 9. Let a(y) = -13*c(y) + 6*k(y). Give a(h).
0
Let n(s) = 10*s. Let k = 14 + -8. Suppose 3*f = 2*o - 5, -12 = -k*o + 3*o. Calculate n(f).
10
Let w(i) = -i**2 + 5*i - 6. Suppose -3*d = -3*f, -5*d = -0*f - 2*f + 12. Let v be (3/d)/(1/(-4)). Suppose 5*k = 5*a, -5*a - 3 = -v*k - 13. Give w(k).
-6
Suppose 0 = -5*q - 3*l + 24, 3*q - 17 = -4*l + 4. Let h be 0/2 + q/(-1). Let d = h + 6. Let f(t) = t**3 - 3*t**2 - 3*t + 1. Determine f(d).
-8
Suppose 4*q = c + q + 9, 5*c = q + 25. Suppose c = -5*r + 1. Let f(o) = o**2 - 1. What is f(r)?
0
Let z = -2 - -4. Let q be (z - 0)/(1/2). Suppose -4*h - 4*m = -q, -5*h + 4*m - 2*m = -33. Let g(a) = -a**2 + 4*a + 3. Determine g(h).
-2
Suppose -h = 4*h - 10. Let d(o) = o**h - 2*o**2 - 3*o**2 - o**3. Let j(f) = 3*f**2 + 24*f - 4. Let s be j(-8). Give d(s).
0
Let a(q) = -q**3 + 6*q**2 - 6*q - 2. Let r be (-5)/(-25) + (-21)/5. Let l = r + 3. Let v be l*1 - (-4 - 2). What is a(v)?
-7
Suppose 3*n + 0*a = 2*a + 23, 4*n + 4*a - 24 = 0. Let u(b) = -b**3 + 8*b**2 - 7*b - 7. Determine u(n).
-7
Let j(z) = -z. Let w(m) = -m. Let o(i) = 4*j(i) - 6*w(i). What is o(1)?
2
Let b(w) = -w + 4. Let f be (6 + -3 + 2)/(4 + -3). Calculate b(f).
-1
Let l(z) = z - 1. Let a(t) = -7*t + 23. Let y be a(4). Give l(y).
-6
Let v(n) = -4 + 6 + 2 - 2*n. Let u(t) = -t**3 - 2*t**2 + 3*t + 3. Let x be u(-3). Suppose c = -2*d + 9, x*d + 2 + 2 = 2*c. Calculate v(c).
-6
Let j(w) = 5*w - w**2 - 2*w**2 + 5 + 0*w**3 - w**3. Suppose -3*n - 6 = -0*n, -5*n = 2*d + 8. Let b be (-7)/1 + (4 - d). Calculate j(b).
1
Let a be ((-30)/(-75))/(2/10). Let p(y) = y + 0*y + 0 - a. Determine p(2).
0
Let d(p) = 11*p - 10. Let l(y) = -5*y + 5. Let g(q) = 6*d(q) + 13*l(q). Calculate g(-6).
-1
Let k(a) = 2*a**2 - a + 3. Let s(b) = -5*b**2 + 2*b - 9. Let t(g) = -8*k(g) - 3*s(g). What is t(3)?
0
Let o(j) = j**3 + j**2 - 2. Let k(m) = -m**3. Let v be k(0). Calculate o(v).
-2
Let g(c) = -3*c - 1. Suppose -2*o = -10, -2*l - 2*o - 1 = -3. Determine g(l).
11
Let r(n) = 3 - n**3 + n + 0*n**3 - 2*n + 6*n**2. Let v(p) = -p + 8. Let j be v(2). Give r(j).
-3
Suppose 39*a - 18 = 42*a. Let o(q) = -q**3 - 6*q**2 - q - 3. Determine o(a).
3
Let g(x) = 2 - 2 - 8*x - 1 + 2. What is g(-1)?
9
Let w be (1 + -5 + 4)/5. Let p(x) = x**3 - x**2 - x + 6. Give p(w).
6
Let h = -45 + 40. Let o(w) = 1 + 3 - w - 5. What is o(h)?
4
Let l(i) = i**2 + 9*i + 5. Let v be l(-8). Let f(b) be the third derivative of 0*b + 1/8*b**4 + 1/20*b**5 + 0 + 1/120*b**6 - 5*b**2 + 1/2*b**3. Calculate f(v).
-6
Let p(l) = -l + 8. Let f be p(5). Let t = 1 + f. Let j(y) = 2 - y + 0 - 3*y + 3*y. Determine j(t).
-2
Let t(z) be the first derivative of -3*z**2/2 + 2*z - 5. Calculate t(3).
-7
Let q(s) = -s**2 + s + 3. Let o(d) = d. Let f(b) = -4*o(b) + q(b). Give f(-4).
-1
Let o(m) = -m**3 + 6*m**2 - 4. Let i be o(6). Let j(b) = -4*b**2 + 4*b + 5. Let a(s) = -2 - 2*s + 3 + 3*s. Let z(u) = i*a(u) + j(u). Calculate z(-1).
-3
Let o(d) = -d**3 - 3*d**2 - 2*d - 1. Let r(l) = 2*l - 8. Let b be r(7). Let z = 4 - 0. Let p = z - b. Calculate o(p).
-1
Let w(r) be the second derivative of -r**6/120 - r**5/120 + r**4/12 - 3*r. Let b(y) be the third derivative of w(y). What is b(1)?
-7
Let c(p) = -1. Let r(q) = q**3 - 3*q**2 + 4*q - 4. Let t(f) = c(f) - r(f). Let m(k) = k + 11. Let j be m(-8). Calculate t(j).
-9
Let i(c) be the first derivative of -c**4/4 - c**3 + c**2/2 + c - 41. What is i(-3)?
-2
Suppose u = 4*m - 3, -3*u + 9 + 4 = -m. Let h(w) be the third derivative of 2*w**m + 0 + 0*w**3 + 0*w - 7/24*w**4 - 1/60*w**5. Calculate h(-5).
10
Let g be (-20)/(-11) + 2/11. Suppose 0 = -g*f + 4*p - 26, f + 2*p = 5 - 2. Let k(b) = -2 - 6 + 0 - b. Calculate k(f).
-3
Let t(p) = p**3 + p**2 + 2*p + 21. Let j(u) = -3*u**3 - 4*u**2 - 7*u - 64. Let v(c) = -2*j(c) - 7*t(c). Calculate v(0).
-19
Let f(i) = i**3 + 7*i**2 + 8*i + 6. Let v = 11 + -17. What is f(v)?
-6
Let h(n) = n + 3. Suppose -18*m = -17*m + 6. Calculate h(m).
-3
Let n(c) be the second derivative of 3/2*c**2 + 0 + 7/6*c**3 + 1/12*c**4 + 2*c. What is n(-3)?
-9
Let a(c) = -3 - 4*c**3 + 2*c**3 + 3*c**3 + 2*c - 5*c**2. Let y be (-12)/(4 - 36/8). Suppose -19 = -4*z - b, -4 - y = -5*z + 3*b. Give a(z).
7
Let j(h) = -13*h**3 + 5*h + 2*h**2 + 3*h**2 + 14*h**3. Let b = 10 + -14. Determine j(b).
-4
Let t = -8 - -11. Let z(j) = -j**3 + j - t*j**2 + j**2 - 2*j - 4*j**2 - 3. Calculate z(-6).
3
Let y be (0 - 1)/(5/(-200)). Let c be 4/14 + y/56. Let r(o) = -12*o + 1. What is r(c)?
-11
Let g(z) = -z - 2. Let r be (-1068)/66 + (-4)/(-22). Let h = r - -20. Calculate g(h).
-6
Let i(a) = 2*a + 4. Let q(x) = -x**3 - 13*x**2 - 13*x - 17. Let t be q(-12). Calculate i(t).
-6
Suppose -7*f + 2 - 37 = 0. Let g(j) = j + 7. Calculate g(f).
2
Let l(n) be the first derivative of n**2/2 + 7*n + 32. Let v be (2 - (1 - -2)) + 1. Let b = v + -4. What is l(b)?
3
Let z(r) = -r - 2 - 2*r + 5*r. Determine z(3).
4
Let f be 2/(-4) - (-22)/4. Let u(r) = -r**2 + r - 2*r + 5*r**3 - 2 + r**3 - 2*r. Let y(o) = o**3 - o. Let l(v) = f*y(v) - u(v). Determine l(2).
-6
Let j(k) be the second derivative of -k**3/6 - 2*k**2 - 45*k. Determine j(-7).
3
Let l(v) be the third derivative of -7*v**5/60 - v**4/12 - v**3/6 - 6*v**2. Let x be -1 - (-1*5 + 2). Suppose -x = 5*g + t, 3*t - 4 - 1 = -4*g. Determine l(g).
-6
Suppose -5*r + 2*t + 7 + 6 = 0, -5*r - 3*t - 7 = 0. Let h(b) = -4*b - 1. Let x b